hat is 1104 + 3?
1112
In base 16, what is -a5 + b?
-9a
In base 8, what is 10 + -22?
-12
In base 5, what is -130 + -1?
-131
In base 10, what is -10 + -41?
-51
In base 14, what is 1 + 10?
11
In base 5, what is 12 - 1?
11
In base 6, what is -50 - -103?
13
In base 7, what is -11 - 1135?
-1146
In base 10, what is 0 + 277?
277
In base 15, what is -12 - -7?
-a
In base 6, what is -30512 - 5?
-30521
In base 10, what is 7 - -19?
26
In base 15, what is -91 - a?
-9b
In base 16, what is 3 - -108?
10b
In base 12, what is -2 + 0?
-2
In base 13, what is 1 + 155?
156
In base 4, what is 13 - -333?
1012
In base 11, what is 823 - 1?
822
In base 5, what is -14 - -104?
40
In base 3, what is 0 - -10000020?
10000020
In base 14, what is -4 - 2a1?
-2a5
In base 2, what is -100001111001111 + 101?
-100001111001010
In base 9, what is 11 - 5?
5
In base 7, what is -161 - -10?
-151
In base 4, what is -1 + 1120?
1113
In base 13, what is b37 + 5?
b3c
In base 7, what is -4 - -134?
130
In base 7, what is 143 + -2?
141
In base 9, what is -13 + 51?
37
In base 10, what is -21 - -1?
-20
In base 4, what is 310 + 102?
1012
In base 3, what is -11 + -222110?
-222121
In base 12, what is -1 + -a6?
-a7
In base 11, what is -210 + -11?
-221
In base 10, what is 71 - -23?
94
In base 5, what is 100442 - 4?
100433
In base 9, what is 5 + -18?
-13
In base 11, what is -361a + 2?
-3618
In base 2, what is -1000 - 10001000?
-10010000
In base 2, what is -1000111000 + -100?
-1000111100
In base 13, what is 5 - -78?
80
In base 3, what is 11 - -1110002?
1110020
In base 7, what is -32046 + -1?
-32050
In base 11, what is 1 + -4800?
-47aa
In base 14, what is 5d - 2?
5b
In base 9, what is -2 + -6?
-8
In base 13, what is 5 - 68?
-63
In base 3, what is 10 + -1122021?
-1122011
In base 13, what is 3 - -439?
43c
In base 13, what is 17 - 171?
-157
In base 6, what is -445 + -1?
-450
In base 6, what is -1 - 34?
-35
In base 10, what is -47 - 7?
-54
In base 2, what is -11 + 10010110010?
10010101111
In base 9, what is -48 + -16?
-65
In base 14, what is -119 - -11?
-108
In base 16, what is -4 - -f?
b
In base 15, what is -7 - -29?
22
In base 14, what is -1 + 11?
10
In base 16, what is 2 - -52?
54
In base 13, what is 293 - 0?
293
In base 7, what is 5 + -122?
-114
In base 14, what is 65d - 4?
659
In base 7, what is -26 - 121?
-150
In base 3, what is -2 - 121112?
-121121
In base 11, what is -2 + -13a9?
-1400
In base 5, what is 2 - 100?
-43
In base 13, what is 11 - 76?
-65
In base 5, what is -2 - -2003?
2001
In base 5, what is -114 + -13?
-132
In base 16, what is 0 - -3d?
3d
In base 5, what is 204 + -3?
201
In base 3, what is -10 - -202?
122
In base 14, what is 4 - c4a?
-c46
In base 10, what is -2128 + 0?
-2128
In base 2, what is -11111 + 11?
-11100
In base 3, what is -1121 + 10122?
2001
In base 8, what is -3 + 60?
55
In base 8, what is 3452 + -1?
3451
In base 3, what is 2 - 20101220?
-20101211
In base 10, what is 5 - -14?
19
In base 15, what is d6a - 3?
d67
In base 10, what is -8 + -5?
-13
In base 4, what is 11 + -1322330?
-1322313
In base 9, what is -18 + -43?
-62
In base 16, what is -34 - -9?
-2b
In base 6, what is -30000 - 2?
-30002
In base 9, what is 3 + -22?
-18
In base 13, what is -1353 + 2?
-1351
In base 9, what is 1 - 50?
-48
In base 6, what is 410 + 12?
422
In base 9, what is 20421 - 2?
20418
In base 10, what is -135 + -205?
-340
In base 8, what is 2403 - 0?
2403
In base 6, what is 30505 + 0?
30505
In base 6, what is 334 + 3?
341
In base 9, what is 523 + 14?
537
In base 15, what is -4 - -c7?
c3
In base 8, what is 373 - -6?
401
In base 3, what is -1021111 - -11?
-1021100
In base 8, what is -36 + -155?
-213
In base 10, what is 38 - -181?
219
In base 13, what is 1aa4 - -7?
1aab
In base 4, what is -2312 - -1?
-2311
In base 8, what is 2 + -302?
-300
In base 6, what is -2434 + -4?
-2442
In base 5, what is 321 + 1?
322
In base 6, what is 54 + 21?
115
In base 3, what is -120010 - 122?
-120202
In base 9, what is -4 - 47?
-52
In base 16, what is 5be + b?
5c9
In base 2, what is 10001010111 + -101?
10001010010
In base 3, what is -2 + 10220102?
10220100
In base 11, what is -1 - 49?
-4a
In base 9, what is 3343 + -5?
3337
In base 10, what is 2 - 70?
-68
In base 16, what is -1 - -a9?
a8
In base 3, what is 10200122 + -1?
10200121
In base 12, what is -5 + 25?
20
In base 11, what is -4 + 108?
104
In base 13, what is -2850 - 1?
-2851
In base 16, what is 16 - 4?
12
In base 9, what is -77 - -6?
-71
In base 9, what is 1327 + -8?
1318
In base 12, what is 3 - 714?
-711
In base 13, what is 3 - 87?
-84
In base 4, what is -2 + 223302?
223300
In base 7, what is 24350 - -3?
24353
In base 8, what is 31 + -60?
-27
In base 10, what is 3 + 1518?
1521
In base 12, what is -898 + -1?
-899
In base 9, what is 6 - 1280?
-1273
In base 15, what is 5 + -2103?
-20ed
In base 6, what is -141 - -202?
21
In base 15, what is -6 - 16?
-1c
In base 14, what is a1b - 2?
a19
In base 3, what is -1122 - -11112?
2220
In base 11, what is 57 + 27?
83
In base 3, what is 1000020001 + 1?
1000020002
In base 2, what is -1 + -1001?
-1010
In base 15, what is -c - 0?
-c
In base 16, what is 2 + -bb?
-b9
In base 14, what is 5 + -6?
-1
In base 14, what is -3 + -178?
-17b
In base 16, what is 2770 - -3?
2773
In base 5, what is -3402 + 0?
-3402
In base 15, what is 0 + 23?
23
In base 7, what is 44 + 3?
50
In base 2, what is 1110 + -1?
1101
In base 16, what is -4a - 2?
-4c
In base 11, what is -3 - -11a?
117
In base 12, what is -5 + -24?
-29
In base 6, what is -2130 + -3?
-2133
In base 9, what is 1 + -276?
-275
In base 15, what is -8 - -39?
31
In base 14, what is 54 - 4?
50
In base 6, what is -13 + 2254?
2241
In base 7, what is 4320 - -3?
4323
In base 10, what is 10 - -106?
116
In base 15, what is 1ee + -18?
1d6
In base 5, what is -10 - -440?
430
In base 16, what is 3a + 3?
3d
In base 2, what is -10 - 100001010?
-100001100
In base 15, what is -248 + 1?
-247
In base 13, what is -2 + -356?
-358
In base 4, what is -2322 + -10?
-2332
In base 14, what is 1c - -111?
12d
In base 11, what is 140 + 2?
142
In base 7, what is 46 + -5?
41
In base 7, what is 56 + -25?
31
In base 9, what is 3 - -83?
86
In base 4, what is 21 - 0?
21
In base 7, what is 21 + 6?
30
In base 12, what is 9 + -263?
-256
In base 12, what is -5 + -83?
-88
In base 6, what is 2 - -20?
22
In base 4, what is 103202 + -10?
103132
In base 13, what is 1 + -2a9?
-2a8
In base 3, what is 10 + -11100010?
-11100000
In base 16, what is -d + 9?
-4
In base 16, what is -2 + b?
9
In base 12, what is 7 + 5a?
65
In base 3, what is -10100 - -2221?
-102
In base 9, what is 1434 - 5?
1428
In base 13, what is -1893 - 4?
-1897
In base 14, what is 4 + 2b?
31
In base 7, what is -332 + -35?
-400
In base 6, what is -30 - 11?
-41
In base 8, what is -16130 - -4?
-16124
In base 6, what is -213331 + 2?
-213325
In base 4, what is 1 - -3001?
3002
In base 13, what is 6 - 5?
1
In base 15, what is -153d + -5?
-1543
In base 5, what is 11 + -402?
-341
In base 10, what is -1 - 1179?
-1180
In base 13, what is -3 + -90a?
-910
In base 16, what is 4 + -82e?
-82a
In base 16, what is -fd + 5?
-f8
In base 14, what is 10 + -10?
0
In base 15, what is 696 + -1?
695
In base 10, what is 5 - 7?
-2
In base 15, what is -3 - 9a?
-9d
In base 5, what is 3 - 14033?
-14030
In base 8, what is 120 - 20?
100
In base 9, what is 0 - 2044?
-2044
In base 5, what is 1403 + 4?
1412
In base 2, what is 10010 - 1101?
101
In base 5, what is -13244 - 10?
-13304
In base 4, what is 13 - -222?
301
In base 6, what is -1 - -23?
22
In base 12, what is 83 - -6?
89
In base 6, what is -5 - -432?
423
In base 10, what is -12 - -1?
-11
In base 2, what is 10 - -11001110?
11010000
In base 11, what is 492 + -2?
490
In base 5, what is 3 - 112?
-104
In base 2, what is -1100101111100 - 0?
-1100101111100
In base 7, what is -2161 - 3?
-2164
In base 3, what is 2121201 - -1?
2121202
In base 16, what is -71 + -9?
-7a
In base 12, what is 35 - -1?
36
In base 10, what is -31621 - -2?
-31619
In base 12, what is -3 - 3727?
-372a
In base 14, what is d2 + 19?
10b
In base 4, what is -103100 + 10?
-103030
In base 12, what is 20 - -2?
22
In base 16, what is -5 + -20?
-25
In base 16, what is 10 + -962?
-952
In base 13, what is 5 + -b?
-6
In base 14, what is -5 + -30c?
-313
In base 8, what is 244 - 2?
242
In base 12, what is 21 + 409?
